{"id":21,"date":"2025-11-07T01:29:46","date_gmt":"2025-11-07T01:29:46","guid":{"rendered":"https:\/\/christophersanti.com.br\/dr-fabricio\/?page_id=21"},"modified":"2025-11-08T19:32:31","modified_gmt":"2025-11-08T19:32:31","slug":"especialidades","status":"publish","type":"page","link":"https:\/\/christophersanti.com.br\/dr-fabricio\/especialidades\/","title":{"rendered":"Especialidades"},"content":{"rendered":"\t\t<div data-elementor-type=\"wp-page\" data-elementor-id=\"21\" class=\"elementor elementor-21\" data-elementor-post-type=\"page\">\n\t\t\t\t<div class=\"elementor-element elementor-element-cc8d07e e-flex e-con-boxed e-con e-parent\" data-id=\"cc8d07e\" data-element_type=\"container\" data-settings=\"{&quot;background_background&quot;:&quot;classic&quot;}\">\n\t\t\t\t\t<div class=\"e-con-inner\">\n\t\t\t\t<div class=\"elementor-element elementor-element-0470620 elementor-widget elementor-widget-heading\" data-id=\"0470620\" data-element_type=\"widget\" data-widget_type=\"heading.default\">\n\t\t\t\t\t<h2 class=\"elementor-heading-title elementor-size-default\">Minhas Especialidades<\/h2>\t\t\t\t<\/div>\n\t\t\t\t<div class=\"elementor-element elementor-element-d828bfa elementor-align-center elementor-icon-list--layout-traditional elementor-list-item-link-full_width elementor-widget elementor-widget-icon-list\" data-id=\"d828bfa\" data-element_type=\"widget\" data-widget_type=\"icon-list.default\">\n\t\t\t\t\t\t\t<ul class=\"elementor-icon-list-items\">\n\t\t\t\t\t\t\t<li class=\"elementor-icon-list-item\">\n\t\t\t\t\t\t\t\t\t\t\t<span class=\"elementor-icon-list-icon\">\n\t\t\t\t\t\t\t<svg xmlns=\"http:\/\/www.w3.org\/2000\/svg\" xmlns:xlink=\"http:\/\/www.w3.org\/1999\/xlink\" id=\"Capa_1\" x=\"0px\" y=\"0px\" width=\"443.771px\" height=\"443.772px\" viewBox=\"0 0 443.771 443.772\" style=\"enable-background:new 0 0 443.771 443.772;\" xml:space=\"preserve\"><g>\t<g id=\"Layer_3\">\t\t<g>\t\t\t<path d=\"M163.073,3.459C140.557,125.764,122.304,144.016,0,166.532c122.305,22.516,140.557,40.768,163.073,163.073    c22.516-122.305,40.768-140.557,163.073-163.073C203.841,144.016,185.588,125.764,163.073,3.459z\"><\/path>\t\t\t<path d=\"M340.064,232.896c-14.318,77.781-25.928,89.39-103.708,103.708c77.78,14.319,89.39,25.928,103.708,103.708    c14.318-77.78,25.928-89.39,103.707-103.708C365.99,322.286,354.383,310.677,340.064,232.896z\"><\/path>\t\t<\/g>\t<\/g><\/g><g><\/g><g><\/g><g><\/g><g><\/g><g><\/g><g><\/g><g><\/g><g><\/g><g><\/g><g><\/g><g><\/g><g><\/g><g><\/g><g><\/g><g><\/g><\/svg>\t\t\t\t\t\t<\/span>\n\t\t\t\t\t\t\t\t\t\t<span class=\"elementor-icon-list-text\">O Dr. Fabr\u00edcio oferece tratamentos odontol\u00f3gicos completos com tecnologia e cuidado humano.<\/span>\n\t\t\t\t\t\t\t\t\t<\/li>\n\t\t\t\t\t\t<\/ul>\n\t\t\t\t\t\t<\/div>\n\t\t\t\t\t<\/div>\n\t\t\t\t<\/div>\n\t\t<div class=\"elementor-element elementor-element-bffb098 e-flex e-con-boxed e-con e-parent\" data-id=\"bffb098\" data-element_type=\"container\" data-settings=\"{&quot;background_background&quot;:&quot;classic&quot;}\">\n\t\t\t\t\t<div class=\"e-con-inner\">\n\t\t\t\t<div class=\"elementor-element elementor-element-d13e1b6 elementor-grid-3 elementor-grid-tablet-2 elementor-grid-mobile-1 elementor-posts--thumbnail-top elementor-card-shadow-yes elementor-posts__hover-gradient elementor-widget elementor-widget-posts\" data-id=\"d13e1b6\" data-element_type=\"widget\" data-settings=\"{&quot;cards_row_gap&quot;:{&quot;unit&quot;:&quot;px&quot;,&quot;size&quot;:30,&quot;sizes&quot;:[]},&quot;cards_columns&quot;:&quot;3&quot;,&quot;cards_columns_tablet&quot;:&quot;2&quot;,&quot;cards_columns_mobile&quot;:&quot;1&quot;,&quot;cards_row_gap_tablet&quot;:{&quot;unit&quot;:&quot;px&quot;,&quot;size&quot;:&quot;&quot;,&quot;sizes&quot;:[]},&quot;cards_row_gap_mobile&quot;:{&quot;unit&quot;:&quot;px&quot;,&quot;size&quot;:&quot;&quot;,&quot;sizes&quot;:[]}}\" data-widget_type=\"posts.cards\">\n\t\t\t\t<div class=\"elementor-widget-container\">\n\t\t\t\t\t\t\t<div class=\"elementor-posts-container elementor-posts elementor-posts--skin-cards elementor-grid\" role=\"list\">\n\t\t\t\t<article class=\"elementor-post elementor-grid-item post-223 post type-post status-publish format-standard has-post-thumbnail hentry category-especialidades category-prevencao-e-manutencao\" role=\"listitem\">\n\t\t\t<div class=\"elementor-post__card\">\n\t\t\t\t<a class=\"elementor-post__thumbnail__link\" href=\"https:\/\/christophersanti.com.br\/dr-fabricio\/prevencao-e-manutencao-bucal-cuide-do-seu-sorriso-antes-que-problemas-aparecam\/\" tabindex=\"-1\" ><div class=\"elementor-post__thumbnail\"><img fetchpriority=\"high\" decoding=\"async\" width=\"773\" height=\"529\" src=\"https:\/\/christophersanti.com.br\/dr-fabricio\/wp-content\/uploads\/2025\/11\/sorriso.jpg\" class=\"attachment-full size-full wp-image-224\" alt=\"\" srcset=\"https:\/\/christophersanti.com.br\/dr-fabricio\/wp-content\/uploads\/2025\/11\/sorriso.jpg 773w, https:\/\/christophersanti.com.br\/dr-fabricio\/wp-content\/uploads\/2025\/11\/sorriso-300x205.jpg 300w, https:\/\/christophersanti.com.br\/dr-fabricio\/wp-content\/uploads\/2025\/11\/sorriso-768x526.jpg 768w\" sizes=\"(max-width: 773px) 100vw, 773px\" \/><\/div><\/a>\n\t\t\t\t<div class=\"elementor-post__text\">\n\t\t\t\t<h3 class=\"elementor-post__title\">\n\t\t\t<a href=\"https:\/\/christophersanti.com.br\/dr-fabricio\/prevencao-e-manutencao-bucal-cuide-do-seu-sorriso-antes-que-problemas-aparecam\/\" >\n\t\t\t\tPreven\u00e7\u00e3o e Manuten\u00e7\u00e3o Bucal: Cuide do seu Sorriso Antes que Problemas Apare\u00e7am\t\t\t<\/a>\n\t\t<\/h3>\n\t\t\t\t<div class=\"elementor-post__excerpt\">\n\t\t\t<p>Preven\u00e7\u00e3o e Manuten\u00e7\u00e3o: O Segredo de um Sorriso Saud\u00e1vel por Toda a Vida Muitas pessoas ainda associam a ida ao<\/p>\n\t\t<\/div>\n\t\t\t\t\t<div class=\"elementor-post__read-more-wrapper\">\n\t\t\n\t\t<a class=\"elementor-post__read-more\" href=\"https:\/\/christophersanti.com.br\/dr-fabricio\/prevencao-e-manutencao-bucal-cuide-do-seu-sorriso-antes-que-problemas-aparecam\/\" aria-label=\"Leia mais sobre Preven\u00e7\u00e3o e Manuten\u00e7\u00e3o Bucal: Cuide do seu Sorriso Antes que Problemas Apare\u00e7am\" tabindex=\"-1\" >\n\t\t\tLeia Mais \u00bb\t\t<\/a>\n\n\t\t\t\t\t<\/div>\n\t\t\t\t<\/div>\n\t\t\t\t\t<\/div>\n\t\t<\/article>\n\t\t\t\t<article class=\"elementor-post elementor-grid-item post-220 post type-post status-publish format-standard has-post-thumbnail hentry category-especialidades category-reabilitacao-oral\" role=\"listitem\">\n\t\t\t<div class=\"elementor-post__card\">\n\t\t\t\t<a class=\"elementor-post__thumbnail__link\" href=\"https:\/\/christophersanti.com.br\/dr-fabricio\/reabilitacao-oral-completa-recupere-seu-sorriso\/\" tabindex=\"-1\" ><div class=\"elementor-post__thumbnail\"><img decoding=\"async\" width=\"1296\" height=\"864\" src=\"https:\/\/christophersanti.com.br\/dr-fabricio\/wp-content\/uploads\/2025\/11\/reabilitacao-oral.jpg\" class=\"attachment-full size-full wp-image-221\" alt=\"\" srcset=\"https:\/\/christophersanti.com.br\/dr-fabricio\/wp-content\/uploads\/2025\/11\/reabilitacao-oral.jpg 1296w, https:\/\/christophersanti.com.br\/dr-fabricio\/wp-content\/uploads\/2025\/11\/reabilitacao-oral-300x200.jpg 300w, https:\/\/christophersanti.com.br\/dr-fabricio\/wp-content\/uploads\/2025\/11\/reabilitacao-oral-1024x683.jpg 1024w, https:\/\/christophersanti.com.br\/dr-fabricio\/wp-content\/uploads\/2025\/11\/reabilitacao-oral-768x512.jpg 768w\" sizes=\"(max-width: 1296px) 100vw, 1296px\" \/><\/div><\/a>\n\t\t\t\t<div class=\"elementor-post__text\">\n\t\t\t\t<h3 class=\"elementor-post__title\">\n\t\t\t<a href=\"https:\/\/christophersanti.com.br\/dr-fabricio\/reabilitacao-oral-completa-recupere-seu-sorriso\/\" >\n\t\t\t\tReabilita\u00e7\u00e3o Oral Completa: Recupere seu Sorriso\t\t\t<\/a>\n\t\t<\/h3>\n\t\t\t\t<div class=\"elementor-post__excerpt\">\n\t\t\t<p>Reabilita\u00e7\u00e3o Oral: Recomece seu Sorriso do Zero \u2014 com Sa\u00fade, Fun\u00e7\u00e3o e Confian\u00e7a Perder v\u00e1rios dentes \u2014 seja por c\u00e1rie<\/p>\n\t\t<\/div>\n\t\t\t\t\t<div class=\"elementor-post__read-more-wrapper\">\n\t\t\n\t\t<a class=\"elementor-post__read-more\" href=\"https:\/\/christophersanti.com.br\/dr-fabricio\/reabilitacao-oral-completa-recupere-seu-sorriso\/\" aria-label=\"Leia mais sobre Reabilita\u00e7\u00e3o Oral Completa: Recupere seu Sorriso\" tabindex=\"-1\" >\n\t\t\tLeia Mais \u00bb\t\t<\/a>\n\n\t\t\t\t\t<\/div>\n\t\t\t\t<\/div>\n\t\t\t\t\t<\/div>\n\t\t<\/article>\n\t\t\t\t<article class=\"elementor-post elementor-grid-item post-217 post type-post status-publish format-standard has-post-thumbnail hentry category-especialidades category-odontologia-estetica\" role=\"listitem\">\n\t\t\t<div class=\"elementor-post__card\">\n\t\t\t\t<a class=\"elementor-post__thumbnail__link\" href=\"https:\/\/christophersanti.com.br\/dr-fabricio\/odontologia-estetica-transforme-seu-sorriso-com-saude-e-naturalidade\/\" tabindex=\"-1\" ><div class=\"elementor-post__thumbnail\"><img decoding=\"async\" width=\"2560\" height=\"1441\" src=\"https:\/\/christophersanti.com.br\/dr-fabricio\/wp-content\/uploads\/2025\/11\/odontologia-estetica-scaled.jpg\" class=\"attachment-full size-full wp-image-218\" alt=\"\" srcset=\"https:\/\/christophersanti.com.br\/dr-fabricio\/wp-content\/uploads\/2025\/11\/odontologia-estetica-scaled.jpg 2560w, https:\/\/christophersanti.com.br\/dr-fabricio\/wp-content\/uploads\/2025\/11\/odontologia-estetica-300x169.jpg 300w, https:\/\/christophersanti.com.br\/dr-fabricio\/wp-content\/uploads\/2025\/11\/odontologia-estetica-1024x576.jpg 1024w, https:\/\/christophersanti.com.br\/dr-fabricio\/wp-content\/uploads\/2025\/11\/odontologia-estetica-768x432.jpg 768w, https:\/\/christophersanti.com.br\/dr-fabricio\/wp-content\/uploads\/2025\/11\/odontologia-estetica-1536x865.jpg 1536w, https:\/\/christophersanti.com.br\/dr-fabricio\/wp-content\/uploads\/2025\/11\/odontologia-estetica-2048x1153.jpg 2048w\" sizes=\"(max-width: 2560px) 100vw, 2560px\" \/><\/div><\/a>\n\t\t\t\t<div class=\"elementor-post__text\">\n\t\t\t\t<h3 class=\"elementor-post__title\">\n\t\t\t<a href=\"https:\/\/christophersanti.com.br\/dr-fabricio\/odontologia-estetica-transforme-seu-sorriso-com-saude-e-naturalidade\/\" >\n\t\t\t\tOdontologia Est\u00e9tica: Transforme seu Sorriso com Sa\u00fade e Naturalidade\t\t\t<\/a>\n\t\t<\/h3>\n\t\t\t\t<div class=\"elementor-post__excerpt\">\n\t\t\t<p>Odontologia Est\u00e9tica: Quando a Beleza Encontra a Sa\u00fade do Seu Sorriso Voc\u00ea j\u00e1 parou para pensar que seu sorriso diz<\/p>\n\t\t<\/div>\n\t\t\t\t\t<div class=\"elementor-post__read-more-wrapper\">\n\t\t\n\t\t<a class=\"elementor-post__read-more\" href=\"https:\/\/christophersanti.com.br\/dr-fabricio\/odontologia-estetica-transforme-seu-sorriso-com-saude-e-naturalidade\/\" aria-label=\"Leia mais sobre Odontologia Est\u00e9tica: Transforme seu Sorriso com Sa\u00fade e Naturalidade\" tabindex=\"-1\" >\n\t\t\tLeia Mais \u00bb\t\t<\/a>\n\n\t\t\t\t\t<\/div>\n\t\t\t\t<\/div>\n\t\t\t\t\t<\/div>\n\t\t<\/article>\n\t\t\t\t<article class=\"elementor-post elementor-grid-item post-214 post type-post status-publish format-standard has-post-thumbnail hentry category-especialidades category-limpeza-bucal\" role=\"listitem\">\n\t\t\t<div class=\"elementor-post__card\">\n\t\t\t\t<a class=\"elementor-post__thumbnail__link\" href=\"https:\/\/christophersanti.com.br\/dr-fabricio\/limpeza-bucal-profunda-tratamento-essencial-para-gengivas-saudaveis\/\" tabindex=\"-1\" ><div class=\"elementor-post__thumbnail\"><img loading=\"lazy\" decoding=\"async\" width=\"2560\" height=\"1707\" src=\"https:\/\/christophersanti.com.br\/dr-fabricio\/wp-content\/uploads\/2025\/11\/limpeza-bucal-scaled.jpg\" class=\"attachment-full size-full wp-image-215\" alt=\"\" srcset=\"https:\/\/christophersanti.com.br\/dr-fabricio\/wp-content\/uploads\/2025\/11\/limpeza-bucal-scaled.jpg 2560w, https:\/\/christophersanti.com.br\/dr-fabricio\/wp-content\/uploads\/2025\/11\/limpeza-bucal-300x200.jpg 300w, https:\/\/christophersanti.com.br\/dr-fabricio\/wp-content\/uploads\/2025\/11\/limpeza-bucal-1024x683.jpg 1024w, https:\/\/christophersanti.com.br\/dr-fabricio\/wp-content\/uploads\/2025\/11\/limpeza-bucal-768x512.jpg 768w, https:\/\/christophersanti.com.br\/dr-fabricio\/wp-content\/uploads\/2025\/11\/limpeza-bucal-1536x1024.jpg 1536w, https:\/\/christophersanti.com.br\/dr-fabricio\/wp-content\/uploads\/2025\/11\/limpeza-bucal-2048x1365.jpg 2048w\" sizes=\"(max-width: 2560px) 100vw, 2560px\" \/><\/div><\/a>\n\t\t\t\t<div class=\"elementor-post__text\">\n\t\t\t\t<h3 class=\"elementor-post__title\">\n\t\t\t<a href=\"https:\/\/christophersanti.com.br\/dr-fabricio\/limpeza-bucal-profunda-tratamento-essencial-para-gengivas-saudaveis\/\" >\n\t\t\t\tLimpeza Bucal Profunda: Tratamento Essencial para Gengivas Saud\u00e1veis\t\t\t<\/a>\n\t\t<\/h3>\n\t\t\t\t<div class=\"elementor-post__excerpt\">\n\t\t\t<p>Limpeza Bucal Profunda: Mais que uma Limpeza \u2014 \u00c9 um Tratamento para sua Sa\u00fade Geral Muitas pessoas acreditam que \u201climpeza<\/p>\n\t\t<\/div>\n\t\t\t\t\t<div class=\"elementor-post__read-more-wrapper\">\n\t\t\n\t\t<a class=\"elementor-post__read-more\" href=\"https:\/\/christophersanti.com.br\/dr-fabricio\/limpeza-bucal-profunda-tratamento-essencial-para-gengivas-saudaveis\/\" aria-label=\"Leia mais sobre Limpeza Bucal Profunda: Tratamento Essencial para Gengivas Saud\u00e1veis\" tabindex=\"-1\" >\n\t\t\tLeia Mais \u00bb\t\t<\/a>\n\n\t\t\t\t\t<\/div>\n\t\t\t\t<\/div>\n\t\t\t\t\t<\/div>\n\t\t<\/article>\n\t\t\t\t<article class=\"elementor-post elementor-grid-item post-211 post type-post status-publish format-standard has-post-thumbnail hentry category-clareamento-dental category-especialidades\" role=\"listitem\">\n\t\t\t<div class=\"elementor-post__card\">\n\t\t\t\t<a class=\"elementor-post__thumbnail__link\" href=\"https:\/\/christophersanti.com.br\/dr-fabricio\/clareamento-dental-resultados-seguros-e-naturais\/\" tabindex=\"-1\" ><div class=\"elementor-post__thumbnail\"><img loading=\"lazy\" decoding=\"async\" width=\"878\" height=\"655\" src=\"https:\/\/christophersanti.com.br\/dr-fabricio\/wp-content\/uploads\/2025\/11\/clareamento-dental.jpg\" class=\"attachment-full size-full wp-image-212\" alt=\"\" srcset=\"https:\/\/christophersanti.com.br\/dr-fabricio\/wp-content\/uploads\/2025\/11\/clareamento-dental.jpg 878w, https:\/\/christophersanti.com.br\/dr-fabricio\/wp-content\/uploads\/2025\/11\/clareamento-dental-300x224.jpg 300w, https:\/\/christophersanti.com.br\/dr-fabricio\/wp-content\/uploads\/2025\/11\/clareamento-dental-768x573.jpg 768w\" sizes=\"(max-width: 878px) 100vw, 878px\" \/><\/div><\/a>\n\t\t\t\t<div class=\"elementor-post__text\">\n\t\t\t\t<h3 class=\"elementor-post__title\">\n\t\t\t<a href=\"https:\/\/christophersanti.com.br\/dr-fabricio\/clareamento-dental-resultados-seguros-e-naturais\/\" >\n\t\t\t\tClareamento Dental: Resultados Seguros e Naturais\t\t\t<\/a>\n\t\t<\/h3>\n\t\t\t\t<div class=\"elementor-post__excerpt\">\n\t\t\t<p>Clareamento Dental: Um Sorriso Mais Branco, Saud\u00e1vel e Confidente Seu sorriso \u00e9 seu cart\u00e3o de visitas. E, muitas vezes, manchas<\/p>\n\t\t<\/div>\n\t\t\t\t\t<div class=\"elementor-post__read-more-wrapper\">\n\t\t\n\t\t<a class=\"elementor-post__read-more\" href=\"https:\/\/christophersanti.com.br\/dr-fabricio\/clareamento-dental-resultados-seguros-e-naturais\/\" aria-label=\"Leia mais sobre Clareamento Dental: Resultados Seguros e Naturais\" tabindex=\"-1\" >\n\t\t\tLeia Mais \u00bb\t\t<\/a>\n\n\t\t\t\t\t<\/div>\n\t\t\t\t<\/div>\n\t\t\t\t\t<\/div>\n\t\t<\/article>\n\t\t\t\t<article class=\"elementor-post elementor-grid-item post-208 post type-post status-publish format-standard has-post-thumbnail hentry category-especialidades category-implante-dentario\" role=\"listitem\">\n\t\t\t<div class=\"elementor-post__card\">\n\t\t\t\t<a class=\"elementor-post__thumbnail__link\" href=\"https:\/\/christophersanti.com.br\/dr-fabricio\/implante-dentario-tudo-o-que-voce-precisa-saber\/\" tabindex=\"-1\" ><div class=\"elementor-post__thumbnail\"><img loading=\"lazy\" decoding=\"async\" width=\"2560\" height=\"1707\" src=\"https:\/\/christophersanti.com.br\/dr-fabricio\/wp-content\/uploads\/2025\/11\/implante-dentario-scaled.jpg\" class=\"attachment-full size-full wp-image-209\" alt=\"\" srcset=\"https:\/\/christophersanti.com.br\/dr-fabricio\/wp-content\/uploads\/2025\/11\/implante-dentario-scaled.jpg 2560w, https:\/\/christophersanti.com.br\/dr-fabricio\/wp-content\/uploads\/2025\/11\/implante-dentario-300x200.jpg 300w, https:\/\/christophersanti.com.br\/dr-fabricio\/wp-content\/uploads\/2025\/11\/implante-dentario-1024x683.jpg 1024w, https:\/\/christophersanti.com.br\/dr-fabricio\/wp-content\/uploads\/2025\/11\/implante-dentario-768x512.jpg 768w, https:\/\/christophersanti.com.br\/dr-fabricio\/wp-content\/uploads\/2025\/11\/implante-dentario-1536x1024.jpg 1536w, https:\/\/christophersanti.com.br\/dr-fabricio\/wp-content\/uploads\/2025\/11\/implante-dentario-2048x1365.jpg 2048w\" sizes=\"(max-width: 2560px) 100vw, 2560px\" \/><\/div><\/a>\n\t\t\t\t<div class=\"elementor-post__text\">\n\t\t\t\t<h3 class=\"elementor-post__title\">\n\t\t\t<a href=\"https:\/\/christophersanti.com.br\/dr-fabricio\/implante-dentario-tudo-o-que-voce-precisa-saber\/\" >\n\t\t\t\tImplante Dent\u00e1rio: Tudo o que Voc\u00ea Precisa Saber\t\t\t<\/a>\n\t\t<\/h3>\n\t\t\t\t<div class=\"elementor-post__excerpt\">\n\t\t\t<p>Implante Dent\u00e1rio: Recupere seu Sorriso com Seguran\u00e7a, Durabilidade e Naturalidade Perder um ou mais dentes pode impactar muito mais do<\/p>\n\t\t<\/div>\n\t\t\t\t\t<div class=\"elementor-post__read-more-wrapper\">\n\t\t\n\t\t<a class=\"elementor-post__read-more\" href=\"https:\/\/christophersanti.com.br\/dr-fabricio\/implante-dentario-tudo-o-que-voce-precisa-saber\/\" aria-label=\"Leia mais sobre Implante Dent\u00e1rio: Tudo o que Voc\u00ea Precisa Saber\" tabindex=\"-1\" >\n\t\t\tLeia Mais \u00bb\t\t<\/a>\n\n\t\t\t\t\t<\/div>\n\t\t\t\t<\/div>\n\t\t\t\t\t<\/div>\n\t\t<\/article>\n\t\t\t\t<\/div>\n\t\t\n\t\t\t\t\t\t<\/div>\n\t\t\t\t<\/div>\n\t\t\t\t<div class=\"elementor-element elementor-element-62c28e2 elementor-align-center elementor-widget elementor-widget-button\" data-id=\"62c28e2\" data-element_type=\"widget\" data-widget_type=\"button.default\">\n\t\t\t\t\t\t\t\t\t\t<a class=\"elementor-button elementor-button-link elementor-size-sm\" href=\"https:\/\/projeto.02.christophersanti.com.br\/blog\/\">\n\t\t\t\t\t\t<span class=\"elementor-button-content-wrapper\">\n\t\t\t\t\t\t<span class=\"elementor-button-icon\">\n\t\t\t\t<svg aria-hidden=\"true\" class=\"e-font-icon-svg e-fas-long-arrow-alt-right\" viewBox=\"0 0 448 512\" xmlns=\"http:\/\/www.w3.org\/2000\/svg\"><path d=\"M313.941 216H12c-6.627 0-12 5.373-12 12v56c0 6.627 5.373 12 12 12h301.941v46.059c0 21.382 25.851 32.09 40.971 16.971l86.059-86.059c9.373-9.373 9.373-24.569 0-33.941l-86.059-86.059c-15.119-15.119-40.971-4.411-40.971 16.971V216z\"><\/path><\/svg>\t\t\t<\/span>\n\t\t\t\t\t\t\t\t\t<span class=\"elementor-button-text\">Ver todos os posts<\/span>\n\t\t\t\t\t<\/span>\n\t\t\t\t\t<\/a>\n\t\t\t\t\t\t\t\t<\/div>\n\t\t\t\t<div class=\"elementor-element elementor-element-9c12d91 elementor-align-center elementor-widget elementor-widget-button\" data-id=\"9c12d91\" data-element_type=\"widget\" data-widget_type=\"button.default\">\n\t\t\t\t\t\t\t\t\t\t<a class=\"elementor-button elementor-button-link elementor-size-sm elementor-animation-grow\" href=\"#\">\n\t\t\t\t\t\t<span class=\"elementor-button-content-wrapper\">\n\t\t\t\t\t\t<span class=\"elementor-button-icon\">\n\t\t\t\t<svg aria-hidden=\"true\" class=\"e-font-icon-svg e-fab-whatsapp\" viewBox=\"0 0 448 512\" xmlns=\"http:\/\/www.w3.org\/2000\/svg\"><path d=\"M380.9 97.1C339 55.1 283.2 32 223.9 32c-122.4 0-222 99.6-222 222 0 39.1 10.2 77.3 29.6 111L0 480l117.7-30.9c32.4 17.7 68.9 27 106.1 27h.1c122.3 0 224.1-99.6 224.1-222 0-59.3-25.2-115-67.1-157zm-157 341.6c-33.2 0-65.7-8.9-94-25.7l-6.7-4-69.8 18.3L72 359.2l-4.4-7c-18.5-29.4-28.2-63.3-28.2-98.2 0-101.7 82.8-184.5 184.6-184.5 49.3 0 95.6 19.2 130.4 54.1 34.8 34.9 56.2 81.2 56.1 130.5 0 101.8-84.9 184.6-186.6 184.6zm101.2-138.2c-5.5-2.8-32.8-16.2-37.9-18-5.1-1.9-8.8-2.8-12.5 2.8-3.7 5.6-14.3 18-17.6 21.8-3.2 3.7-6.5 4.2-12 1.4-32.6-16.3-54-29.1-75.5-66-5.7-9.8 5.7-9.1 16.3-30.3 1.8-3.7.9-6.9-.5-9.7-1.4-2.8-12.5-30.1-17.1-41.2-4.5-10.8-9.1-9.3-12.5-9.5-3.2-.2-6.9-.2-10.6-.2-3.7 0-9.7 1.4-14.8 6.9-5.1 5.6-19.4 19-19.4 46.3 0 27.3 19.9 53.7 22.6 57.4 2.8 3.7 39.1 59.7 94.8 83.8 35.2 15.2 49 16.5 66.6 13.9 10.7-1.6 32.8-13.4 37.4-26.4 4.6-13 4.6-24.1 3.2-26.4-1.3-2.5-5-3.9-10.5-6.6z\"><\/path><\/svg>\t\t\t<\/span>\n\t\t\t\t\t\t\t\t\t<span class=\"elementor-button-text\">AGENDAR CONSULTA VIA WHATSAPP<\/span>\n\t\t\t\t\t<\/span>\n\t\t\t\t\t<\/a>\n\t\t\t\t\t\t\t\t<\/div>\n\t\t\t\t\t<\/div>\n\t\t\t\t<\/div>\n\t\t\t\t<\/div>\n\t\t","protected":false},"excerpt":{"rendered":"<p>Minhas Especialidades O Dr. Fabr\u00edcio oferece tratamentos odontol\u00f3gicos completos com tecnologia e cuidado humano. Ver todos os posts AGENDAR CONSULTA VIA WHATSAPP<\/p>\n","protected":false},"author":1,"featured_media":0,"parent":0,"menu_order":0,"comment_status":"closed","ping_status":"closed","template":"elementor_header_footer","meta":{"footnotes":""},"class_list":["post-21","page","type-page","status-publish","hentry"],"_links":{"self":[{"href":"https:\/\/christophersanti.com.br\/dr-fabricio\/wp-json\/wp\/v2\/pages\/21","targetHints":{"allow":["GET"]}}],"collection":[{"href":"https:\/\/christophersanti.com.br\/dr-fabricio\/wp-json\/wp\/v2\/pages"}],"about":[{"href":"https:\/\/christophersanti.com.br\/dr-fabricio\/wp-json\/wp\/v2\/types\/page"}],"author":[{"embeddable":true,"href":"https:\/\/christophersanti.com.br\/dr-fabricio\/wp-json\/wp\/v2\/users\/1"}],"replies":[{"embeddable":true,"href":"https:\/\/christophersanti.com.br\/dr-fabricio\/wp-json\/wp\/v2\/comments?post=21"}],"version-history":[{"count":16,"href":"https:\/\/christophersanti.com.br\/dr-fabricio\/wp-json\/wp\/v2\/pages\/21\/revisions"}],"predecessor-version":[{"id":300,"href":"https:\/\/christophersanti.com.br\/dr-fabricio\/wp-json\/wp\/v2\/pages\/21\/revisions\/300"}],"wp:attachment":[{"href":"https:\/\/christophersanti.com.br\/dr-fabricio\/wp-json\/wp\/v2\/media?parent=21"}],"curies":[{"name":"wp","href":"https:\/\/api.w.org\/{rel}","templated":true}]}}